

{"id":266,"date":"2021-03-22T15:57:36","date_gmt":"2021-03-22T14:57:36","guid":{"rendered":"https:\/\/alteriade.alwaysdata.net\/dev\/adapei-es\/?page_id=266"},"modified":"2021-07-12T13:42:54","modified_gmt":"2021-07-12T11:42:54","slug":"location-de-salles","status":"publish","type":"page","link":"https:\/\/alteriade.alwaysdata.net\/dev\/adapei-es\/location-de-salles\/","title":{"rendered":"Location de salles"},"content":{"rendered":"<div class=\"wp-block-lazyblock-description-de-la-page lazyblock-description-de-la-page-Z1UNc7l\"><p class=\"description txtcenter\"> \nLe choix du lieu dans lequel vous organiserez votre prochain \u00e9v\u00e9nement est primordial pour l&rsquo;image que vous renverrez ! Accessible, lumineux, favorisant la concentration, permettant les \u00e9changes : l&rsquo;Espace Sarrazin r\u00e9unit tous les ingr\u00e9dients pour un \u00e9v\u00e9nement r\u00e9ussi ! \n<\/p><\/div>\n\n<div class=\"carousel\">\n    <div class=\"posts-carousel\">\n                        <figure style=\"background-image: url('https:\/\/alteriade.alwaysdata.net\/dev\/adapei-es\/wp-content\/uploads\/2021\/05\/621A6796-scaled.jpg');background-position: center;\n                        background-size: 541px auto;\" class=\"slick-image\"><\/figure>\n\n                            <figure style=\"background-image: url('https:\/\/alteriade.alwaysdata.net\/dev\/adapei-es\/wp-content\/uploads\/2021\/05\/621A7341-scaled.jpg');background-position: center;\n                        background-size: 541px auto;\" class=\"slick-image\"><\/figure>\n\n                            <figure style=\"background-image: url('https:\/\/alteriade.alwaysdata.net\/dev\/adapei-es\/wp-content\/uploads\/2021\/05\/621A6758-scaled.jpg');background-position: center;\n                        background-size: 541px auto;\" class=\"slick-image\"><\/figure>\n\n                            <figure style=\"background-image: url('https:\/\/alteriade.alwaysdata.net\/dev\/adapei-es\/wp-content\/uploads\/2021\/05\/621A7566-scaled.jpg');background-position: center;\n                        background-size: 541px auto;\" class=\"slick-image\"><\/figure>\n\n                            <figure style=\"background-image: url('https:\/\/alteriade.alwaysdata.net\/dev\/adapei-es\/wp-content\/uploads\/2021\/05\/621A7310-scaled.jpg');background-position: center;\n                        background-size: 541px auto;\" class=\"slick-image\"><\/figure>\n\n                            <figure style=\"background-image: url('https:\/\/alteriade.alwaysdata.net\/dev\/adapei-es\/wp-content\/uploads\/2021\/05\/621A7167-scaled.jpg');background-position: center;\n                        background-size: 541px auto;\" class=\"slick-image\"><\/figure>\n\n                <\/div>\n<\/div>\n\n\n\n\n<div class=\"wp-block-columns alignfull are-vertically-aligned-center is-layout-flex wp-container-core-columns-is-layout-9d6595d7 wp-block-columns-is-layout-flex\">\n<div class=\"wp-block-column is-vertically-aligned-center is-layout-flow wp-block-column-is-layout-flow\">\n<div class=\"wp-block-buttons is-layout-flex wp-block-buttons-is-layout-flex\">\n<div class=\"wp-block-button\"><a class=\"wp-block-button__link has-corail-background-color has-background\" href=\"#vos-evenements-cles-en-main\" style=\"border-radius:10px\">Des \u00e9v\u00e8nements sur-mesure<\/a><\/div>\n<\/div>\n<\/div>\n\n\n\n<div class=\"wp-block-column is-vertically-aligned-center is-layout-flow wp-block-column-is-layout-flow\">\n<div class=\"wp-block-buttons is-layout-flex wp-block-buttons-is-layout-flex\">\n<div class=\"wp-block-button\"><a class=\"wp-block-button__link has-corail-background-color has-background\" href=\"#Amenagements\" style=\"border-radius:10px\">Un lieu qui s&rsquo;adapte \u00e0 vos besoins<\/a><\/div>\n<\/div>\n<\/div>\n\n\n\n<div class=\"wp-block-column is-vertically-aligned-center is-layout-flow wp-block-column-is-layout-flow\">\n<div class=\"wp-block-buttons is-layout-flex wp-block-buttons-is-layout-flex\">\n<div class=\"wp-block-button\"><a class=\"wp-block-button__link has-corail-background-color has-background\" href=\"#equipements\" style=\"border-radius:10px\">De nombreux \u00e9quipements disponibles<\/a><\/div>\n<\/div>\n<\/div>\n\n\n\n<div class=\"wp-block-column is-vertically-aligned-center is-layout-flow wp-block-column-is-layout-flow\">\n<div class=\"wp-block-buttons is-layout-flex wp-block-buttons-is-layout-flex\">\n<div class=\"wp-block-button\"><a class=\"wp-block-button__link has-corail-background-color has-background\" href=\"#restauration-sur-place\" style=\"border-radius:10px\">Restauration sur place<\/a><\/div>\n<\/div>\n<\/div>\n\n\n\n<div class=\"wp-block-column is-vertically-aligned-center is-layout-flow wp-block-column-is-layout-flow\">\n<div class=\"wp-block-buttons is-layout-flex wp-block-buttons-is-layout-flex\">\n<div class=\"wp-block-button has-custom-width wp-block-button__width-100\"><a class=\"wp-block-button__link has-corail-background-color has-background\" href=\"#acces\" style=\"border-radius:10px\" rel=\"\">Un lieu central et accessible<\/a><\/div>\n<\/div>\n<\/div>\n\n\n\n<div class=\"wp-block-column is-vertically-aligned-center is-layout-flow wp-block-column-is-layout-flow\">\n<div class=\"wp-block-buttons is-layout-flex wp-block-buttons-is-layout-flex\">\n<div class=\"wp-block-button\"><a class=\"wp-block-button__link has-corail-background-color has-background\" href=\"#nous-contacter-devis\" style=\"border-radius:10px\">Nous contacter ou demander un devis<\/a><\/div>\n<\/div>\n<\/div>\n<\/div>\n\n\n\n<div class=\"wp-block-columns is-layout-flex wp-container-core-columns-is-layout-9d6595d7 wp-block-columns-is-layout-flex\" id=\"vos-evenements-cles-en-main\">\n<div class=\"wp-block-column is-layout-flow wp-block-column-is-layout-flow\" style=\"flex-basis:33.33%\">\n<figure class=\"wp-block-image size-large\"><img loading=\"lazy\" decoding=\"async\" width=\"1024\" height=\"608\" src=\"https:\/\/alteriade.alwaysdata.net\/dev\/adapei-es\/wp-content\/uploads\/2021\/05\/621A7543-1024x608.jpg\" alt=\"\" class=\"wp-image-952\" srcset=\"https:\/\/alteriade.alwaysdata.net\/dev\/adapei-es\/wp-content\/uploads\/2021\/05\/621A7543-1024x608.jpg 1024w, https:\/\/alteriade.alwaysdata.net\/dev\/adapei-es\/wp-content\/uploads\/2021\/05\/621A7543-300x178.jpg 300w, https:\/\/alteriade.alwaysdata.net\/dev\/adapei-es\/wp-content\/uploads\/2021\/05\/621A7543-768x456.jpg 768w, https:\/\/alteriade.alwaysdata.net\/dev\/adapei-es\/wp-content\/uploads\/2021\/05\/621A7543-1536x912.jpg 1536w, https:\/\/alteriade.alwaysdata.net\/dev\/adapei-es\/wp-content\/uploads\/2021\/05\/621A7543-2048x1217.jpg 2048w, https:\/\/alteriade.alwaysdata.net\/dev\/adapei-es\/wp-content\/uploads\/2021\/05\/621A7543-600x356.jpg 600w\" sizes=\"auto, (max-width: 1024px) 100vw, 1024px\" \/><\/figure>\n<\/div>\n\n\n\n<div class=\"wp-block-column is-layout-flow wp-block-column-is-layout-flow\" style=\"flex-basis:66.66%\">\n<h3 class=\"has-gris-color has-text-color has-light-font-size wp-block-heading\">Vos \u00e9v\u00e9nements cl\u00e9s en main !<\/h3>\n\n\n\n<p>Experts de l\u2019<strong>adaptation<\/strong>&nbsp;et du&nbsp;<strong>sur-mesure<\/strong>, nous vous accompagnons dans l\u2019aboutissement de votre cahier des charges et travaillons main dans la main pour la&nbsp;<strong>r\u00e9ussite<\/strong>&nbsp;de votre \u00e9v\u00e9nement.<\/p>\n\n\n\n<p>Une \u00e9quipe est <strong>\u00e0 votre \u00e9coute<\/strong> \u00e0 toutes les \u00e9tapes de l\u2019\u00e9laboration du projet : signal\u00e9tique, am\u00e9nagement, \u00e9quipement, choix des menus, d\u00e9coration, &#8230; <\/p>\n\n\n\n<p><strong>Notre volont\u00e9 est d&rsquo;optimiser votre confort de travail et la r\u00e9ussite de vos r\u00e9unions, s\u00e9minaires, conf\u00e9rences, concours, formation&#8230; Notre priorit\u00e9, c&rsquo;est Vous !<\/strong><\/p>\n<\/div>\n<\/div>\n\n\n\n<div class=\"wp-block-columns is-layout-flex wp-container-core-columns-is-layout-9d6595d7 wp-block-columns-is-layout-flex\" id=\"Amenagements\">\n<div class=\"wp-block-column is-layout-flow wp-block-column-is-layout-flow\" style=\"flex-basis:66.66%\">\n<h3 class=\"wp-block-heading\">Am\u00e9nagements : un espace modulable qui s&rsquo;adapte \u00e0 vos besoins !<\/h3>\n\n\n\n<p><strong>Dans un environnement calme, d\u00e9couvrez un espace de 235 m2 personnalisable, climatis\u00e9 et \u00e9quip\u00e9, au service de la r\u00e9ussite de vos r\u00e9unions, formations ou s\u00e9minaires.<\/strong> Les salles sont lumineuses, insonoris\u00e9es et agenc\u00e9es dans le format de votre choix, en fonction de la programmation de l&rsquo;\u00e9v\u00e9nement et du nombre de participants (th\u00e9\u00e2tre, conf\u00e9rence, d\u00eener). <\/p>\n\n\n\n<p>Une atmosph\u00e8re agr\u00e9able, propice \u00e0 la concentration et aux \u00e9changes. <\/p>\n\n\n\n<p>De 8 \u00e0 200 participants, <strong>le lieu s&rsquo;adapte \u00e0 vos besoins !<\/strong><\/p>\n<\/div>\n\n\n\n<div class=\"wp-block-column is-layout-flow wp-block-column-is-layout-flow\" style=\"flex-basis:33.33%\">\n<figure class=\"wp-block-image size-large\"><img loading=\"lazy\" decoding=\"async\" width=\"1024\" height=\"607\" src=\"https:\/\/alteriade.alwaysdata.net\/dev\/adapei-es\/wp-content\/uploads\/2021\/07\/621A7381-1024x607.jpg\" alt=\"format examen\" class=\"wp-image-1609\" srcset=\"https:\/\/alteriade.alwaysdata.net\/dev\/adapei-es\/wp-content\/uploads\/2021\/07\/621A7381-1024x607.jpg 1024w, https:\/\/alteriade.alwaysdata.net\/dev\/adapei-es\/wp-content\/uploads\/2021\/07\/621A7381-300x178.jpg 300w, https:\/\/alteriade.alwaysdata.net\/dev\/adapei-es\/wp-content\/uploads\/2021\/07\/621A7381-768x455.jpg 768w, https:\/\/alteriade.alwaysdata.net\/dev\/adapei-es\/wp-content\/uploads\/2021\/07\/621A7381-1536x911.jpg 1536w, https:\/\/alteriade.alwaysdata.net\/dev\/adapei-es\/wp-content\/uploads\/2021\/07\/621A7381-2048x1214.jpg 2048w, https:\/\/alteriade.alwaysdata.net\/dev\/adapei-es\/wp-content\/uploads\/2021\/07\/621A7381-600x356.jpg 600w\" sizes=\"auto, (max-width: 1024px) 100vw, 1024px\" \/><\/figure>\n<\/div>\n<\/div>\n\n\n\n<div class=\"wp-block-columns is-layout-flex wp-container-core-columns-is-layout-9d6595d7 wp-block-columns-is-layout-flex\" id=\"equipements\">\n<div class=\"wp-block-column is-layout-flow wp-block-column-is-layout-flow\" style=\"flex-basis:33.33%\">\n<figure class=\"wp-block-image size-large\"><img loading=\"lazy\" decoding=\"async\" width=\"1024\" height=\"526\" src=\"https:\/\/alteriade.alwaysdata.net\/dev\/adapei-es\/wp-content\/uploads\/2021\/03\/621A7458-min-1024x526.jpg\" alt=\"Demander un devis\" class=\"wp-image-328\" srcset=\"https:\/\/alteriade.alwaysdata.net\/dev\/adapei-es\/wp-content\/uploads\/2021\/03\/621A7458-min-1024x526.jpg 1024w, https:\/\/alteriade.alwaysdata.net\/dev\/adapei-es\/wp-content\/uploads\/2021\/03\/621A7458-min-scaled-600x308.jpg 600w, https:\/\/alteriade.alwaysdata.net\/dev\/adapei-es\/wp-content\/uploads\/2021\/03\/621A7458-min-300x154.jpg 300w, https:\/\/alteriade.alwaysdata.net\/dev\/adapei-es\/wp-content\/uploads\/2021\/03\/621A7458-min-768x394.jpg 768w, https:\/\/alteriade.alwaysdata.net\/dev\/adapei-es\/wp-content\/uploads\/2021\/03\/621A7458-min-1536x789.jpg 1536w, https:\/\/alteriade.alwaysdata.net\/dev\/adapei-es\/wp-content\/uploads\/2021\/03\/621A7458-min-2048x1052.jpg 2048w\" sizes=\"auto, (max-width: 1024px) 100vw, 1024px\" \/><\/figure>\n<\/div>\n\n\n\n<div class=\"wp-block-column is-layout-flow wp-block-column-is-layout-flow\" style=\"flex-basis:66.66%\">\n<h3 class=\"wp-block-heading\">Les \u00e9quipements disponibles : pour des journ\u00e9es fluides et efficaces !<\/h3>\n\n\n\n<p><strong>Pour optimiser et fluidifier vos \u00e9v\u00e9nements, nous mettons \u00e0 votre disposition<\/strong>: <\/p>\n\n\n\n<ul class=\"wp-block-list\"><li>Vid\u00e9oprojecteur<\/li><li>Acc\u00e8s wifi<\/li><li>Ecran<\/li><li>Paper board et tableau blanc<\/li><li>Mange debout et chaise haute<\/li><li>Estrade<\/li><li>Sonorisation (micro et sono) &#8211; <em>En option<\/em><\/li><li>Photocopieur- <em>En option<\/em><\/li><li>Plantes, d\u00e9coration et autres mobiliers sur demande<\/li><\/ul>\n\n\n\n<p><\/p>\n<\/div>\n<\/div>\n\n\n\n<div class=\"wp-block-columns is-layout-flex wp-container-core-columns-is-layout-9d6595d7 wp-block-columns-is-layout-flex\" id=\"restauration-sur-place\">\n<div class=\"wp-block-column is-layout-flow wp-block-column-is-layout-flow\" style=\"flex-basis:66.66%\">\n<h3 class=\"wp-block-heading\" id=\"restauration-sur-place\">Restauration sur place : la convivialit\u00e9 au c\u0153ur de la r\u00e9ussite de votre \u00e9v\u00e9nement !<\/h3>\n\n\n\n<p>Le chef et l&rsquo;\u00e9quipe de l&rsquo;Espace Sarrazin vous propose des formules \u00e0 d\u00e9guster sur place. Sur le pouce, pour networker ou \u00e0 table, notre offre s&rsquo;adapte \u00e0 vos envies !<\/p>\n\n\n\n<ul class=\"wp-block-list\"><li>Plateaux repas pour un d\u00e9jeuner de travail<\/li><li>Buffet ou cocktail pour des d\u00e9jeuners debout, qui favorisent les \u00e9changes<\/li><li>Petit d\u00e9jeuner et pauses caf\u00e9 pour ponctuer la journ\u00e9e<\/li><li>Repas \u00e0 table : un menu servi \u00e0 table pour ravir les papilles de vos convives<\/li><\/ul>\n\n\n\n<p>Vous d\u00e9cidez, et nous vous accompagnons !<\/p>\n<\/div>\n\n\n\n<div class=\"wp-block-column is-layout-flow wp-block-column-is-layout-flow\" style=\"flex-basis:33.33%\">\n<figure class=\"wp-block-image size-large\"><img loading=\"lazy\" decoding=\"async\" width=\"1024\" height=\"683\" src=\"https:\/\/alteriade.alwaysdata.net\/dev\/adapei-es\/wp-content\/uploads\/2021\/05\/621A7310-1024x683.jpg\" alt=\"\" class=\"wp-image-949\" srcset=\"https:\/\/alteriade.alwaysdata.net\/dev\/adapei-es\/wp-content\/uploads\/2021\/05\/621A7310-1024x683.jpg 1024w, https:\/\/alteriade.alwaysdata.net\/dev\/adapei-es\/wp-content\/uploads\/2021\/05\/621A7310-300x200.jpg 300w, https:\/\/alteriade.alwaysdata.net\/dev\/adapei-es\/wp-content\/uploads\/2021\/05\/621A7310-768x512.jpg 768w, https:\/\/alteriade.alwaysdata.net\/dev\/adapei-es\/wp-content\/uploads\/2021\/05\/621A7310-1536x1024.jpg 1536w, https:\/\/alteriade.alwaysdata.net\/dev\/adapei-es\/wp-content\/uploads\/2021\/05\/621A7310-2048x1365.jpg 2048w, https:\/\/alteriade.alwaysdata.net\/dev\/adapei-es\/wp-content\/uploads\/2021\/05\/621A7310-370x246.jpg 370w, https:\/\/alteriade.alwaysdata.net\/dev\/adapei-es\/wp-content\/uploads\/2021\/05\/621A7310-600x400.jpg 600w\" sizes=\"auto, (max-width: 1024px) 100vw, 1024px\" \/><\/figure>\n<\/div>\n<\/div>\n\n\n\n<div class=\"wp-block-columns is-layout-flex wp-container-core-columns-is-layout-9d6595d7 wp-block-columns-is-layout-flex\" id=\"acces\">\n<div class=\"wp-block-column is-layout-flow wp-block-column-is-layout-flow\" style=\"flex-basis:33.33%\">\n<figure class=\"wp-block-image size-large\"><img loading=\"lazy\" decoding=\"async\" width=\"1024\" height=\"683\" src=\"https:\/\/alteriade.alwaysdata.net\/dev\/adapei-es\/wp-content\/uploads\/2021\/03\/621A7130-min-1024x683.jpg\" alt=\"acc\u00e8s-oseat-sarrazin\" class=\"wp-image-324\" srcset=\"https:\/\/alteriade.alwaysdata.net\/dev\/adapei-es\/wp-content\/uploads\/2021\/03\/621A7130-min-1024x683.jpg 1024w, https:\/\/alteriade.alwaysdata.net\/dev\/adapei-es\/wp-content\/uploads\/2021\/03\/621A7130-min-scaled-600x400.jpg 600w, https:\/\/alteriade.alwaysdata.net\/dev\/adapei-es\/wp-content\/uploads\/2021\/03\/621A7130-min-300x200.jpg 300w, https:\/\/alteriade.alwaysdata.net\/dev\/adapei-es\/wp-content\/uploads\/2021\/03\/621A7130-min-768x512.jpg 768w, https:\/\/alteriade.alwaysdata.net\/dev\/adapei-es\/wp-content\/uploads\/2021\/03\/621A7130-min-1536x1024.jpg 1536w, https:\/\/alteriade.alwaysdata.net\/dev\/adapei-es\/wp-content\/uploads\/2021\/03\/621A7130-min-2048x1365.jpg 2048w, https:\/\/alteriade.alwaysdata.net\/dev\/adapei-es\/wp-content\/uploads\/2021\/03\/621A7130-min-370x246.jpg 370w\" sizes=\"auto, (max-width: 1024px) 100vw, 1024px\" \/><\/figure>\n<\/div>\n\n\n\n<div class=\"wp-block-column is-layout-flow wp-block-column-is-layout-flow\" style=\"flex-basis:66.66%\">\n<h3 class=\"has-gris-color has-text-color has-light-font-size wp-block-heading\">Un lieu central et accessible<\/h3>\n\n\n\n<p>Situ\u00e9 au c\u0153ur du 8\u00e8me arrondissement de Lyon, \u00e0 deux pas de la Maison de la Danse, l&rsquo;Espace Sarrazin est facilement accessible \u00e0 v\u00e9lo, en voiture ou en transports en commun.<\/p>\n\n\n\n<p>Le site est \u00e9galement accessible aux personnes \u00e0 mobilit\u00e9 r\u00e9duite.<\/p>\n\n\n\n<p><strong><strong>Plan d&rsquo;acc\u00e8s <a href=\"https:\/\/alteriade.alwaysdata.net\/dev\/adapei-es\/nous-trouver\/\">ici<\/a><\/strong><\/strong><\/p>\n<\/div>\n<\/div>\n\n\n\n<div class=\"wp-block-columns is-layout-flex wp-container-core-columns-is-layout-9d6595d7 wp-block-columns-is-layout-flex\" id=\"nous-contacter-devis\">\n<div class=\"wp-block-column is-layout-flow wp-block-column-is-layout-flow\" style=\"flex-basis:66.66%\">\n<h3 class=\"has-gris-color has-text-color has-light-font-size wp-block-heading\">Envie d&rsquo;en savoir plus ? Contactez-nous !<\/h3>\n\n\n\n<p>Vous souhaitez organiser votre futur \u00e9v\u00e9nement au sein de l&rsquo;Espace Sarrazin, ou avez encore quelques questions avant de valider ce choix ? Une \u00e9quipe vous <strong>\u00e9coute<\/strong> et vous <strong>conseille<\/strong> pour construire ensemble <strong>l&rsquo;\u00e9v\u00e9nement qui vous ressemble. <\/strong><\/p>\n\n\n\n<p><strong>Contactez-nous <a href=\"https:\/\/alteriade.alwaysdata.net\/dev\/adapei-es\/contactez-nous\/\">ici<\/a><\/strong><\/p>\n<\/div>\n\n\n\n<div class=\"wp-block-column is-layout-flow wp-block-column-is-layout-flow\" style=\"flex-basis:33.33%\">\n<figure class=\"wp-block-image size-large\"><img loading=\"lazy\" decoding=\"async\" width=\"1024\" height=\"653\" src=\"https:\/\/alteriade.alwaysdata.net\/dev\/adapei-es\/wp-content\/uploads\/2021\/05\/621A6796-1024x653.jpg\" alt=\"Tables pour r\u00e9union\" class=\"wp-image-944\" srcset=\"https:\/\/alteriade.alwaysdata.net\/dev\/adapei-es\/wp-content\/uploads\/2021\/05\/621A6796-1024x653.jpg 1024w, https:\/\/alteriade.alwaysdata.net\/dev\/adapei-es\/wp-content\/uploads\/2021\/05\/621A6796-300x191.jpg 300w, https:\/\/alteriade.alwaysdata.net\/dev\/adapei-es\/wp-content\/uploads\/2021\/05\/621A6796-768x490.jpg 768w, https:\/\/alteriade.alwaysdata.net\/dev\/adapei-es\/wp-content\/uploads\/2021\/05\/621A6796-1536x980.jpg 1536w, https:\/\/alteriade.alwaysdata.net\/dev\/adapei-es\/wp-content\/uploads\/2021\/05\/621A6796-2048x1306.jpg 2048w, https:\/\/alteriade.alwaysdata.net\/dev\/adapei-es\/wp-content\/uploads\/2021\/05\/621A6796-600x383.jpg 600w\" sizes=\"auto, (max-width: 1024px) 100vw, 1024px\" \/><\/figure>\n<\/div>\n<\/div>\n\n\n    <!--    \/\/ Our block template-->\r\n    <div  class=\"banniere-sarazin\">\r\n        <div class=\"banniere\"  >\r\n            <div class=\"img-sarrazin\">\r\n                <div class=\"img-banniere\"><\/div>\r\n            <\/div>\r\n            <div class=\"text-and-button\">\r\n                <div class=\"titre-and-description\">\r\n                    <div class=\"titre\">\r\n                        <h3 class=\"banniere-titre\" style=\"color: \">Demandez votre devis !<\/h3>\r\n                    <\/div>\r\n                                            <div class=\"banniere-description\"><p>Nous vous r\u00e9pondrons rapidement avec une proposition personalis\u00e9e.<\/p>\n<\/div>\r\n                                    <\/div>\r\n\r\n                                    <div class=\"btn\">\r\n                        <a class=\"wp-block-button__link banniere-button\"\r\n                           href=\"https:\/\/alteriade.alwaysdata.net\/dev\/adapei-es\/contactez-nous\/\">Contactez-nous<\/a>\r\n                    <\/div>\r\n                            <\/div>\r\n        <\/div>\r\n    <\/div>\r\n\r\n","protected":false},"excerpt":{"rendered":"<p>Vos \u00e9v\u00e9nements cl\u00e9s en main ! Experts de l\u2019adaptation&nbsp;et du&nbsp;sur-mesure, nous vous accompagnons dans l\u2019aboutissement de votre cahier des charges et travaillons main dans la main pour la&nbsp;r\u00e9ussite&nbsp;de votre \u00e9v\u00e9nement. Une \u00e9quipe est \u00e0 votre \u00e9coute \u00e0 toutes les \u00e9tapes de l\u2019\u00e9laboration du projet : signal\u00e9tique, am\u00e9nagement, \u00e9quipement, choix des menus, d\u00e9coration, &#8230; Notre volont\u00e9 [&hellip;]<\/p>\n","protected":false},"author":1,"featured_media":0,"parent":0,"menu_order":0,"comment_status":"closed","ping_status":"closed","template":"","meta":{"footnotes":""},"class_list":["post-266","page","type-page","status-publish","hentry"],"yoast_head":"<!-- This site is optimized with the Yoast SEO plugin v16.2 - https:\/\/yoast.com\/wordpress\/plugins\/seo\/ -->\n<title>Location de salles - Espace Sarrazin<\/title>\n<meta name=\"description\" content=\"Le choix du lieu dans lequel vous organiserez votre prochain \u00e9v\u00e9nement est primordial pour l&#039;image que vous renverrez !\" \/>\n<meta name=\"robots\" content=\"noindex, follow, max-snippet:-1, max-image-preview:large, max-video-preview:-1\" \/>\n<meta property=\"og:locale\" content=\"fr_FR\" \/>\n<meta property=\"og:type\" content=\"article\" \/>\n<meta property=\"og:title\" content=\"Location de salles - Espace Sarrazin\" \/>\n<meta property=\"og:description\" content=\"Le choix du lieu dans lequel vous organiserez votre prochain \u00e9v\u00e9nement est primordial pour l&#039;image que vous renverrez !\" \/>\n<meta property=\"og:url\" content=\"https:\/\/alteriade.alwaysdata.net\/dev\/adapei-es\/location-de-salles\/\" \/>\n<meta property=\"og:site_name\" content=\"Espace Sarrazin\" \/>\n<meta property=\"article:modified_time\" content=\"2021-07-12T11:42:54+00:00\" \/>\n<meta property=\"og:image\" content=\"https:\/\/alteriade.alwaysdata.net\/dev\/adapei-es\/wp-content\/uploads\/2021\/05\/621A7543-1024x608.jpg\" \/>\n<meta name=\"twitter:card\" content=\"summary_large_image\" \/>\n<meta name=\"twitter:label1\" content=\"Dur\u00e9e de lecture est.\">\n\t<meta name=\"twitter:data1\" content=\"4 minutes\">\n<script type=\"application\/ld+json\" class=\"yoast-schema-graph\">{\"@context\":\"https:\/\/schema.org\",\"@graph\":[{\"@type\":\"Organization\",\"@id\":\"https:\/\/alteriade.alwaysdata.net\/dev\/adapei-es\/#organization\",\"name\":\"Espace Sarrazin - Traiteur\",\"url\":\"https:\/\/alteriade.alwaysdata.net\/dev\/adapei-es\/\",\"sameAs\":[],\"logo\":{\"@type\":\"ImageObject\",\"@id\":\"https:\/\/alteriade.alwaysdata.net\/dev\/adapei-es\/#logo\",\"inLanguage\":\"fr-FR\",\"url\":\"https:\/\/alteriade.alwaysdata.net\/dev\/adapei-es\/wp-content\/uploads\/2021\/05\/LOGO_Espace-Sarrazin_CMJN.png\",\"contentUrl\":\"https:\/\/alteriade.alwaysdata.net\/dev\/adapei-es\/wp-content\/uploads\/2021\/05\/LOGO_Espace-Sarrazin_CMJN.png\",\"width\":124,\"height\":108,\"caption\":\"Espace Sarrazin - Traiteur\"},\"image\":{\"@id\":\"https:\/\/alteriade.alwaysdata.net\/dev\/adapei-es\/#logo\"}},{\"@type\":\"WebSite\",\"@id\":\"https:\/\/alteriade.alwaysdata.net\/dev\/adapei-es\/#website\",\"url\":\"https:\/\/alteriade.alwaysdata.net\/dev\/adapei-es\/\",\"name\":\"Espace Sarrazin\",\"description\":\"\",\"publisher\":{\"@id\":\"https:\/\/alteriade.alwaysdata.net\/dev\/adapei-es\/#organization\"},\"potentialAction\":[{\"@type\":\"SearchAction\",\"target\":\"https:\/\/alteriade.alwaysdata.net\/dev\/adapei-es\/?s={search_term_string}\",\"query-input\":\"required name=search_term_string\"}],\"inLanguage\":\"fr-FR\"},{\"@type\":\"ImageObject\",\"@id\":\"https:\/\/alteriade.alwaysdata.net\/dev\/adapei-es\/location-de-salles\/#primaryimage\",\"inLanguage\":\"fr-FR\",\"url\":\"https:\/\/alteriade.alwaysdata.net\/dev\/adapei-es\/wp-content\/uploads\/2021\/05\/621A7543-1024x608.jpg\",\"contentUrl\":\"https:\/\/alteriade.alwaysdata.net\/dev\/adapei-es\/wp-content\/uploads\/2021\/05\/621A7543-1024x608.jpg\"},{\"@type\":\"WebPage\",\"@id\":\"https:\/\/alteriade.alwaysdata.net\/dev\/adapei-es\/location-de-salles\/#webpage\",\"url\":\"https:\/\/alteriade.alwaysdata.net\/dev\/adapei-es\/location-de-salles\/\",\"name\":\"Location de salles - Espace Sarrazin\",\"isPartOf\":{\"@id\":\"https:\/\/alteriade.alwaysdata.net\/dev\/adapei-es\/#website\"},\"primaryImageOfPage\":{\"@id\":\"https:\/\/alteriade.alwaysdata.net\/dev\/adapei-es\/location-de-salles\/#primaryimage\"},\"datePublished\":\"2021-03-22T14:57:36+00:00\",\"dateModified\":\"2021-07-12T11:42:54+00:00\",\"description\":\"Le choix du lieu dans lequel vous organiserez votre prochain \\u00e9v\\u00e9nement est primordial pour l'image que vous renverrez !\",\"breadcrumb\":{\"@id\":\"https:\/\/alteriade.alwaysdata.net\/dev\/adapei-es\/location-de-salles\/#breadcrumb\"},\"inLanguage\":\"fr-FR\",\"potentialAction\":[{\"@type\":\"ReadAction\",\"target\":[\"https:\/\/alteriade.alwaysdata.net\/dev\/adapei-es\/location-de-salles\/\"]}]},{\"@type\":\"BreadcrumbList\",\"@id\":\"https:\/\/alteriade.alwaysdata.net\/dev\/adapei-es\/location-de-salles\/#breadcrumb\",\"itemListElement\":[{\"@type\":\"ListItem\",\"position\":1,\"item\":{\"@type\":\"WebPage\",\"@id\":\"https:\/\/alteriade.alwaysdata.net\/dev\/adapei-es\/\",\"url\":\"https:\/\/alteriade.alwaysdata.net\/dev\/adapei-es\/\",\"name\":\"Accueil\"}},{\"@type\":\"ListItem\",\"position\":2,\"item\":{\"@id\":\"https:\/\/alteriade.alwaysdata.net\/dev\/adapei-es\/location-de-salles\/#webpage\"}}]}]}<\/script>\n<!-- \/ Yoast SEO plugin. -->","_links":{"self":[{"href":"https:\/\/alteriade.alwaysdata.net\/dev\/adapei-es\/wp-json\/wp\/v2\/pages\/266","targetHints":{"allow":["GET"]}}],"collection":[{"href":"https:\/\/alteriade.alwaysdata.net\/dev\/adapei-es\/wp-json\/wp\/v2\/pages"}],"about":[{"href":"https:\/\/alteriade.alwaysdata.net\/dev\/adapei-es\/wp-json\/wp\/v2\/types\/page"}],"author":[{"embeddable":true,"href":"https:\/\/alteriade.alwaysdata.net\/dev\/adapei-es\/wp-json\/wp\/v2\/users\/1"}],"replies":[{"embeddable":true,"href":"https:\/\/alteriade.alwaysdata.net\/dev\/adapei-es\/wp-json\/wp\/v2\/comments?post=266"}],"version-history":[{"count":141,"href":"https:\/\/alteriade.alwaysdata.net\/dev\/adapei-es\/wp-json\/wp\/v2\/pages\/266\/revisions"}],"predecessor-version":[{"id":1619,"href":"https:\/\/alteriade.alwaysdata.net\/dev\/adapei-es\/wp-json\/wp\/v2\/pages\/266\/revisions\/1619"}],"wp:attachment":[{"href":"https:\/\/alteriade.alwaysdata.net\/dev\/adapei-es\/wp-json\/wp\/v2\/media?parent=266"}],"curies":[{"name":"wp","href":"https:\/\/api.w.org\/{rel}","templated":true}]}}